et d(i) = i**3 + 5*i**2 + 3*i + 4. Let m(g) = -g**3 + 9*g**2 - 8*g - 3. Let f be m(8). Let j be d(f). Suppose j = 4*y - 39. Is y composite?
False
Suppose 2*c + 3*t + 314 = 3296, -c = -5*t - 1517. Is c prime?
False
Let d(o) = o**3 - o**2 - o + 12. Let i be d(0). Suppose 2*j - i = 350. Is j a prime number?
True
Suppose -4*k = -3*p - 12, -3*p = 6*k - k - 15. Suppose -6*i + i + 1121 = -3*s, -3*i - 5*s + 659 = p. Is i a prime number?
True
Suppose 4*a = -16 - 16. Let m(p) = p**2 - 11*p - 7. Is m(a) prime?
False
Let y be 2/7 + 12256/28. Let k = 707 - y. Is k a prime number?
True
Let v = -2 - -4. Suppose -d + 2*d + 2 = -c, v*d - 8 = c. Suppose -186 = -4*r - d*a, -r = 3*a - 0*a - 34. Is r a composite number?
True
Let k(s) be the second derivative of -13*s**3/6 - 3*s**2/2 + s. Is k(-10) composite?
False
Suppose 33 + 97 = 5*t. Is ((-4667)/t)/(2/(-4)) a composite number?
False
Let r = 2 - 6. Is 22/(r/(-10)*1) prime?
False
Let m be 228*(-1)/(-6)*3. Suppose 0 = 4*b - m - 914. Is b composite?
False
Let t = -2 - -5. Suppose -t - 4 = -p. Suppose 2*g + 75 = p*g. Is g composite?
True
Is (30522/15 - -4) + (-1)/(-5) a composite number?
False
Let n = 687 + -310. Is n composite?
True
Is 1/(57486/14370 + -4) a prime number?
False
Let q(v) = -6*v - 5. Suppose 0 = -4*p - 30 - 6. Is q(p) a prime number?
False
Let v = 826 - 157. Is v composite?
True
Suppose 2*x + 4*h = 1550, -3*x + 2334 = h + 2*h. Is x a prime number?
False
Is (-5 - -7) + (915*1 - -2) a prime number?
True
Suppose 3*f - 4*f = -6. Let g(s) = 10*s**2 + s + 5. Is g(f) a prime number?
False
Let z(c) = 3*c**2 + 4*c - 1. Suppose g + f - 14 = 0, 2*g = -f - 0*f + 26. Let o = g + -18. Is z(o) composite?
False
Let h(x) = 10*x + 7. Is h(3) prime?
True
Is (254/6)/(2/18) a prime number?
False
Suppose 0 = -5*c - 2*t + 22, -6*c + 11 = -2*c - 5*t. Suppose -4 = 2*x - c*x. Suppose s - x*s = -13. Is s composite?
False
Let d(u) = -u**2 - u - 1. Let m(b) = -b**3 + 2*b**2 - 8*b - 10. Let j(a) = -3*d(a) + m(a). Is j(-4) a composite number?
False
Let o be ((-6)/9 + 1)*12. Suppose 3*v = -3*j - 302 + 800, 5*j + o*v = 827. Is j prime?
True
Suppose -185 = -2*n + n. Suppose 2*j = 221 + n. Is j a composite number?
True
Suppose -14 = -f - 12. Suppose -f*t + 1083 = t. Is t a composite number?
True
Suppose 0 = -42*v + 39*v + 753. Is v composite?
False
Let z(o) = 33*o + 11. Let i be z(-6). Let r = -104 - i. Is r prime?
True
Let q = -16 + 19. Is (3 - 0 - q) + 57 composite?
True
Let n be 42*(-3)/(6/(-2)). Let s be (-4)/(-2 + n/22). Let v = s + -31. Is v a composite number?
False
Let c(x) = x**2 + 6*x + 4. Suppose -4*o - 28 = -4*u, 2*o + 0*u = 4*u - 16. Let b be c(o). Suppose -401 = -5*f + 2*a, -b*f = -2*f - 2*a - 164. Is f prime?
True
Let m = -157 - -226. Is m composite?
True
Is (1967/4 - 1) + (-3)/(-12) composite?
False
Suppose 5*o + 20 = 0, o - 642 = -3*t + 791. Is t a prime number?
True
Let u = -21 - -24. Suppose -u*i = -4*i + 751. Is i composite?
False
Let p = 1281 - 170. Is p prime?
False
Let f = -52 - -62. Is f a composite number?
True
Let v = -7 + 27. Let z = -6 + v. Is z a prime number?
False
Suppose 0 = 15*p - 16*p + 251. Is p prime?
True
Let q = -5 + 7. Suppose 0 = -5*l + q*l + 6. Let n(r) = 18*r + 1. Is n(l) a prime number?
True
Suppose 3*r - 14 = -2*y, -2*r - 2*y + 7 = -3*y. Let t be -3*(-4)/6 - -2. Suppose 5*s + r*c - 70 = 85, -4*s - t*c = -120. Is s a prime number?
False
Let p be -2 + -3 + 3 - -4. Suppose 5*r - 3*l - 9 = -p, -3*r + l = -5. Suppose 2*z = -r*z + 844. Is z a composite number?
False
Suppose -2*w = -4*s, s = -w + 2 + 1. Suppose -3*i - 4*z = -37, w*i - 3*z + 8 = 44. Is i prime?
False
Let q(c) = 7*c + 43. Is q(6) composite?
True
Suppose 2*u + 0*u - j = -2, -3 = 3*u + 4*j. Let i be (-1 - (2 - -11)) + u. Is 5/i - 116/(-6) composite?
False
Let m be 2*(538/4 + 0). Suppose -4*x - m = -841. Is x prime?
False
Let w(v) = 42*v + 11. Is w(9) a composite number?
False
Suppose -6*n + 2*n = -8. Is 24 - n/(-1 - 0) a composite number?
True
Let n be (390/(-9))/((-2)/9). Suppose -j = 4*j - n. Is j a prime number?
False
Suppose -2*x = 3*x - 20. Let t = 5 - x. Is ((-133)/(-4))/(t/4) a composite number?
True
Suppose 3*f + 2*a = 2*f - 3, -5*f + 7 = -a. Let o be f/(-2) + 243/(-6). Let r = -22 - o. Is r prime?
True
Let d = 252 + -121. Is d prime?
True
Let w(u) = u - 5. Let n be w(3). Let j = n + 3. Is 1/(18/(-21) + j) a prime number?
True
Suppose y = -z - 3*z + 472, -z + 5*y = -139. Is z composite?
True
Let w(s) be the first derivative of -s**5/20 - s**4/2 - s**3 - s**2 - 3*s + 3. Let j(g) be the first derivative of w(g). Is j(-5) a prime number?
True
Let b(x) = 10*x**2 + x - 5. Is b(4) a composite number?
True
Let h = 1390 + 200. Is ((-10)/(-3))/(20/h) a prime number?
False
Suppose g - 222 = -2*g. Suppose -2*v = -0*v - g. Is v composite?
False
Suppose 3*l - 2*l = -4*x + 373, 4*x = l + 363. Suppose -4*p + 634 = -2*f, 210 + x = 2*p + 4*f. Is p composite?
False
Suppose -17 - 3 = -5*o. Suppose -o*q = q + b - 1090, 4*b = -q + 237. Is q composite?
True
Let y be 4/(-22) + (-96)/(-44). Suppose 0 = o + q - 2 - 0, 3*q = 4*o - 15. Suppose -o*d + 8*d - 5 = 0, 5*d = -y*s + 227. Is s prime?
False
Let y(m) = -3*m**2 - 7*m + 6. Let o = 1 + 3. Let l be y(o). Let d = -45 - l. Is d composite?
True
Is 750 + (-3 - (-3 - -1)) a prime number?
False
Let h = -24 + 93. Suppose 4*w = w + h. Is w a prime number?
True
Is ((-6)/(-1))/((-12)/(-66)) prime?
False
Let w = 36 + 87. Let j = w + 181. Suppose 3*a - j = -13. Is a prime?
True
Let d = 10 + -7. Suppose -d*z + 12 = z. Is z prime?
True
Let w(l) be the third derivative of -l**6/120 + 7*l**5/60 + l**4/3 + 11*l**3/6 + 2*l**2. Is w(8) a composite number?
False
Suppose -6*c - 903 = -9*c. Is c composite?
True
Suppose -w + 13 = 4*d - 0, -19 = -4*d + w. Let t(u) = 2*u - 5*u**3 + 1 - u**3 - 4*u**2 - d*u. Is t(-2) composite?
False
Let r = -4123 + 8958. Is r composite?
True
Let x(f) = -7*f**3 - f**2 - 3*f + 4. Let s(k) = 6*k**3 + 3*k - 3. Let a(b) = -6*s(b) - 5*x(b). Is a(-5) composite?
False
Let w(r) = 333*r**2 - 5*r + 1. Let c(k) = k**2 - k. Let t(o) = -5*c(o) + w(o). Is t(-1) prime?
False
Let r(u) = -u**3 + 5*u**2 + 11*u - 8. Let c be r(8). Let z = 195 + c. Is z a prime number?
True
Suppose 37 = -5*p + 1322. Is p prime?
True
Let t be 12*((-1)/(-2) + 0). Suppose 0 = 2*m - 41 + 9. Let s = m - t. Is s a composite number?
True
Let q(j) = -j**3 - 3*j**2 - 2*j. Let x be q(-2). Let h(c) = c**2 + 7*c - 1. Let k be h(6). Suppose 2*t - 77 - k = x. Is t a composite number?
True
Let u be 20/(-12)*3/(-1). Suppose -3*s = -7 - u. Suppose 3*x + x - 660 = 2*c, 2*x - 342 = s*c. Is x composite?
False
Let x(g) = g**3 - 10*g**2 + 11*g - 13. Let a be x(9). Suppose -2*p = 5*z + 19, 10 = -a*p - 0*z - 5*z. Suppose -w = -p*w + 22. Is w a prime number?
True
Suppose -4*z + 100 = -a, 3*z - 2*z + 4*a = 42. Is z composite?
True
Suppose -2*i + i = 3. Let x(f) = -f**3 + 6*f**2 - 6*f + 3. Let h be x(5). Is 5 + i/(-3) + h a prime number?
False
Let v be ((-10)/(-2) - 0) + 0. Suppose -2*c - 4*k = -286, 4*c - 110 = -v*k + 465. Is c a prime number?
False
Let s(t) = -135*t - 3. Is s(-4) a prime number?
False
Let o(m) = 0*m**3 + 3 - 2*m**3 + 3*m + m**3 + 2*m**2. Let c be o(3). Suppose 4*d = -u + 87, 3*d = 8*d + c*u - 107. Is d a prime number?
False
Is 3 + -4 - (-1)/((-3)/(-2616)) a prime number?
False
Suppose -3*k + 556 = -470. Suppose 0*j = 2*j - k. Let q = j - 106. Is q prime?
False
Suppose 2*f + 0*f = -5*h + 277, -3*h - 4*f + 155 = 0. Is h prime?
False
Suppose -5*t = -9*t + 12. Suppose -1274 = -2*s - t*b - b, 5*b - 2563 = -4*s. Is s prime?
True
Suppose 2*k = -2*k + 1628. Is k a prime number?
False
Let s = -2 + 6. Suppose -3*k + 11 = 2*m, 3 = m - 5*k + s*k. Suppose -2*o + 89 = 3*v - m*o, -5*o = -v + 21. Is v composite?
False
Suppose -2*r + 7 = -l - 4, 0 = -3*r + 5*l + 13. Suppose d = r - 3. Suppose 14 = d*q + 2*j - 7*j, 0 = 5*q - 5*j - 20. Is q prime?
True
Let c be -1 - (-4 + 2 + -1). Suppose -2*y = 2*z - 32, -5*y + 0*z + 66 = -c*z. Is y prime?
False
Suppose -5*g - 5*z + 11 = -g, 3*g + z - 11 = 0. Let d be (g/1)/(1 + 0). Suppose 25 = -5*c, -j - d*j + 170 = 3*c. Is j composite?
False
Let r(a) = -55*a**3 - 6*a + 1. Let s(g) = 55*g**3 + 5*g - 1. Let f(u) = 4*r(u) + 5*s(u). Is f(1) a prime number?
False
Let j = 518 + 167. Is j composite?
True
Let o(j) be the f